{"id":171,"date":"2020-06-05T09:51:20","date_gmt":"2020-06-05T09:51:20","guid":{"rendered":"https:\/\/hintzonline.de\/wordpress\/?page_id=171"},"modified":"2025-09-27T02:10:34","modified_gmt":"2025-09-27T00:10:34","slug":"willkommen","status":"publish","type":"page","link":"https:\/\/gastronomie-im-odenwald.de\/","title":{"rendered":"Herzlich Willkommen"},"content":{"rendered":"<div  class='avia-image-container  av-styling-    avia-builder-el-0  el_before_av_textblock  avia-builder-el-first  avia-align-center '  itemprop=\"image\" itemscope=\"itemscope\" itemtype=\"https:\/\/schema.org\/ImageObject\"  ><div class='avia-image-container-inner'><div class='avia-image-overlay-wrap'><img loading=\"lazy\" decoding=\"async\" class='wp-image-735 avia_image' src=\"https:\/\/gastronomie-im-odenwald.de\/wp-content\/uploads\/2025\/09\/Header.jpg\" alt='' title='' height=\"625\" width=\"1195\"  itemprop=\"thumbnailUrl\" srcset=\"https:\/\/gastronomie-im-odenwald.de\/wp-content\/uploads\/2025\/09\/Header.jpg 1195w, https:\/\/gastronomie-im-odenwald.de\/wp-content\/uploads\/2025\/09\/Header-300x157.jpg 300w, https:\/\/gastronomie-im-odenwald.de\/wp-content\/uploads\/2025\/09\/Header-1024x536.jpg 1024w, https:\/\/gastronomie-im-odenwald.de\/wp-content\/uploads\/2025\/09\/Header-768x402.jpg 768w\" sizes=\"auto, (max-width: 1195px) 100vw, 1195px\" \/><\/div><\/div><\/div>\r\n<section class=\"av_textblock_section \"  itemscope=\"itemscope\" itemtype=\"https:\/\/schema.org\/CreativeWork\" ><div class='avia_textblock  '   itemprop=\"text\" ><\/p>\n<p class=\"has-text-align-center\">\u00ad<\/p>\n<p class=\"has-text-align-center\">Lieber Portal-Besucher,<\/p>\n<p class=\"has-text-align-center\">vielen Dank, dass Sie dieses Portal nutzen.<br \/>Sie finden hier verschiedene Angebote an Einkehrm\u00f6glichkeiten im herrlichen Odenwald.<br \/>Das Portal ist untergliedert nach den K\u00fcchen verschiedener L\u00e4nder.<\/p>\n<p class=\"has-text-align-center\"><strong>NEU !! Die Gastronomie im Odenwald App f\u00fcrs Handy oder Tablet.<\/strong><br \/>Einfach den folgenden Link im Browser Ihres Handys oder Tablets \u00f6ffnen und auf das Download-Symbol rechts neben der Adressleiste klicken. Schon ist die App installiert.<br \/><a href=\"https:\/\/gastronomie-im-odenwald.zur.app\" target=\"_blank\" rel=\"noreferrer noopener\">https:\/\/gastronomie-im-odenwald.zur.app<\/a><\/p>\n<p>Und nun viel Spass bei der Suche nach der richtigen Gastst\u00e4tte oder einem netten Restaurant f\u00fcr Ihr kulinarisches Vorhaben.<\/p>\n<p class=\"has-text-align-center\">Da sich dieses Portal derzeit noch im Aufbau befindet, kommen st\u00e4ndig neue Gastronomiebetriebe hinzu.<br \/>Schauen Sie doch einfach \u00f6fter mal rein.<\/p>\n<p class=\"has-text-align-center\">Vielleicht suchen Sie ja auch noch eine geeignete \u00dcbernachtungsm\u00f6glichkeit im Odenwald.<br \/>Informieren Sie sich einfach in meinem Portal \u201e<a href=\"https:\/\/unterkunft-im-odenwald.de\/\" target=\"_blank\" rel=\"noreferrer noopener\">Unterk\u00fcnfte im Odenwald<\/a>\u201e.<\/p>\n<p class=\"has-text-align-center\">Entdecken Sie viele sch\u00f6ne Campingpl\u00e4tze im Odenwald und lassen Sie sich f\u00fcr den n\u00e4chsten Camper-Urlaub inspirieren.<br \/><a href=\"https:\/\/www.camping-im-odenwald.de\/\" target=\"_blank\" rel=\"noreferrer noopener\" data-type=\"URL\" data-id=\"https:\/\/www.camping-im-odenwald.de\/\">www.camping-im-odenwald.de<\/a><\/p>\n<p><\/p>\n<\/div><\/section>\r\n<div   class='hr hr-default   avia-builder-el-2  el_after_av_textblock  avia-builder-el-last '><span class='hr-inner ' ><span class='hr-inner-style'><\/span><\/span><\/div>","protected":false},"excerpt":{"rendered":"","protected":false},"author":3,"featured_media":0,"parent":0,"menu_order":0,"comment_status":"closed","ping_status":"closed","template":"","meta":{"footnotes":""},"class_list":["post-171","page","type-page","status-publish","hentry"],"yoast_head":"<!-- This site is optimized with the Yoast SEO plugin v26.1.1 - https:\/\/yoast.com\/wordpress\/plugins\/seo\/ -->\n<title>Herzlich Willkommen - Gastronomie im Odenwald<\/title>\n<meta name=\"robots\" content=\"index, follow, max-snippet:-1, max-image-preview:large, max-video-preview:-1\" \/>\n<link rel=\"canonical\" href=\"https:\/\/gastronomie-im-odenwald.de\/\" \/>\n<meta property=\"og:locale\" content=\"de_DE\" \/>\n<meta property=\"og:type\" content=\"article\" \/>\n<meta property=\"og:title\" content=\"Herzlich Willkommen - Gastronomie im Odenwald\" \/>\n<meta property=\"og:url\" content=\"https:\/\/gastronomie-im-odenwald.de\/\" \/>\n<meta property=\"og:site_name\" content=\"Gastronomie im Odenwald\" \/>\n<meta property=\"article:modified_time\" content=\"2025-09-27T00:10:34+00:00\" \/>\n<meta name=\"twitter:card\" content=\"summary_large_image\" \/>\n<meta name=\"twitter:label1\" content=\"Gesch\u00e4tzte Lesezeit\" \/>\n\t<meta name=\"twitter:data1\" content=\"2\u00a0Minuten\" \/>\n<script type=\"application\/ld+json\" class=\"yoast-schema-graph\">{\"@context\":\"https:\/\/schema.org\",\"@graph\":[{\"@type\":\"WebPage\",\"@id\":\"https:\/\/gastronomie-im-odenwald.de\/\",\"url\":\"https:\/\/gastronomie-im-odenwald.de\/\",\"name\":\"Herzlich Willkommen - Gastronomie im Odenwald\",\"isPartOf\":{\"@id\":\"https:\/\/gastronomie-im-odenwald.de\/#website\"},\"datePublished\":\"2020-06-05T09:51:20+00:00\",\"dateModified\":\"2025-09-27T00:10:34+00:00\",\"breadcrumb\":{\"@id\":\"https:\/\/gastronomie-im-odenwald.de\/#breadcrumb\"},\"inLanguage\":\"de\",\"potentialAction\":[{\"@type\":\"ReadAction\",\"target\":[\"https:\/\/gastronomie-im-odenwald.de\/\"]}]},{\"@type\":\"BreadcrumbList\",\"@id\":\"https:\/\/gastronomie-im-odenwald.de\/#breadcrumb\",\"itemListElement\":[{\"@type\":\"ListItem\",\"position\":1,\"name\":\"Home\",\"item\":\"https:\/\/gastronomie-im-odenwald.de\/\"},{\"@type\":\"ListItem\",\"position\":2,\"name\":\"Herzlich Willkommen\"}]},{\"@type\":\"WebSite\",\"@id\":\"https:\/\/gastronomie-im-odenwald.de\/#website\",\"url\":\"https:\/\/gastronomie-im-odenwald.de\/\",\"name\":\"Gastronomie im Odenwald\",\"description\":\"\",\"publisher\":{\"@id\":\"https:\/\/gastronomie-im-odenwald.de\/#organization\"},\"potentialAction\":[{\"@type\":\"SearchAction\",\"target\":{\"@type\":\"EntryPoint\",\"urlTemplate\":\"https:\/\/gastronomie-im-odenwald.de\/?s={search_term_string}\"},\"query-input\":{\"@type\":\"PropertyValueSpecification\",\"valueRequired\":true,\"valueName\":\"search_term_string\"}}],\"inLanguage\":\"de\"},{\"@type\":\"Organization\",\"@id\":\"https:\/\/gastronomie-im-odenwald.de\/#organization\",\"name\":\"Gastronomie im Odenwald\",\"url\":\"https:\/\/gastronomie-im-odenwald.de\/\",\"logo\":{\"@type\":\"ImageObject\",\"inLanguage\":\"de\",\"@id\":\"https:\/\/gastronomie-im-odenwald.de\/#\/schema\/logo\/image\/\",\"url\":\"https:\/\/gastronomie-im-odenwald.de\/wp-content\/uploads\/2025\/09\/Logodesign.jpg\",\"contentUrl\":\"https:\/\/gastronomie-im-odenwald.de\/wp-content\/uploads\/2025\/09\/Logodesign.jpg\",\"width\":229,\"height\":86,\"caption\":\"Gastronomie im Odenwald\"},\"image\":{\"@id\":\"https:\/\/gastronomie-im-odenwald.de\/#\/schema\/logo\/image\/\"}}]}<\/script>\n<!-- \/ Yoast SEO plugin. -->","yoast_head_json":{"title":"Herzlich Willkommen - Gastronomie im Odenwald","robots":{"index":"index","follow":"follow","max-snippet":"max-snippet:-1","max-image-preview":"max-image-preview:large","max-video-preview":"max-video-preview:-1"},"canonical":"https:\/\/gastronomie-im-odenwald.de\/","og_locale":"de_DE","og_type":"article","og_title":"Herzlich Willkommen - Gastronomie im Odenwald","og_url":"https:\/\/gastronomie-im-odenwald.de\/","og_site_name":"Gastronomie im Odenwald","article_modified_time":"2025-09-27T00:10:34+00:00","twitter_card":"summary_large_image","twitter_misc":{"Gesch\u00e4tzte Lesezeit":"2\u00a0Minuten"},"schema":{"@context":"https:\/\/schema.org","@graph":[{"@type":"WebPage","@id":"https:\/\/gastronomie-im-odenwald.de\/","url":"https:\/\/gastronomie-im-odenwald.de\/","name":"Herzlich Willkommen - Gastronomie im Odenwald","isPartOf":{"@id":"https:\/\/gastronomie-im-odenwald.de\/#website"},"datePublished":"2020-06-05T09:51:20+00:00","dateModified":"2025-09-27T00:10:34+00:00","breadcrumb":{"@id":"https:\/\/gastronomie-im-odenwald.de\/#breadcrumb"},"inLanguage":"de","potentialAction":[{"@type":"ReadAction","target":["https:\/\/gastronomie-im-odenwald.de\/"]}]},{"@type":"BreadcrumbList","@id":"https:\/\/gastronomie-im-odenwald.de\/#breadcrumb","itemListElement":[{"@type":"ListItem","position":1,"name":"Home","item":"https:\/\/gastronomie-im-odenwald.de\/"},{"@type":"ListItem","position":2,"name":"Herzlich Willkommen"}]},{"@type":"WebSite","@id":"https:\/\/gastronomie-im-odenwald.de\/#website","url":"https:\/\/gastronomie-im-odenwald.de\/","name":"Gastronomie im Odenwald","description":"","publisher":{"@id":"https:\/\/gastronomie-im-odenwald.de\/#organization"},"potentialAction":[{"@type":"SearchAction","target":{"@type":"EntryPoint","urlTemplate":"https:\/\/gastronomie-im-odenwald.de\/?s={search_term_string}"},"query-input":{"@type":"PropertyValueSpecification","valueRequired":true,"valueName":"search_term_string"}}],"inLanguage":"de"},{"@type":"Organization","@id":"https:\/\/gastronomie-im-odenwald.de\/#organization","name":"Gastronomie im Odenwald","url":"https:\/\/gastronomie-im-odenwald.de\/","logo":{"@type":"ImageObject","inLanguage":"de","@id":"https:\/\/gastronomie-im-odenwald.de\/#\/schema\/logo\/image\/","url":"https:\/\/gastronomie-im-odenwald.de\/wp-content\/uploads\/2025\/09\/Logodesign.jpg","contentUrl":"https:\/\/gastronomie-im-odenwald.de\/wp-content\/uploads\/2025\/09\/Logodesign.jpg","width":229,"height":86,"caption":"Gastronomie im Odenwald"},"image":{"@id":"https:\/\/gastronomie-im-odenwald.de\/#\/schema\/logo\/image\/"}}]}},"_links":{"self":[{"href":"https:\/\/gastronomie-im-odenwald.de\/index.php?rest_route=\/wp\/v2\/pages\/171","targetHints":{"allow":["GET"]}}],"collection":[{"href":"https:\/\/gastronomie-im-odenwald.de\/index.php?rest_route=\/wp\/v2\/pages"}],"about":[{"href":"https:\/\/gastronomie-im-odenwald.de\/index.php?rest_route=\/wp\/v2\/types\/page"}],"author":[{"embeddable":true,"href":"https:\/\/gastronomie-im-odenwald.de\/index.php?rest_route=\/wp\/v2\/users\/3"}],"replies":[{"embeddable":true,"href":"https:\/\/gastronomie-im-odenwald.de\/index.php?rest_route=%2Fwp%2Fv2%2Fcomments&post=171"}],"version-history":[{"count":24,"href":"https:\/\/gastronomie-im-odenwald.de\/index.php?rest_route=\/wp\/v2\/pages\/171\/revisions"}],"predecessor-version":[{"id":882,"href":"https:\/\/gastronomie-im-odenwald.de\/index.php?rest_route=\/wp\/v2\/pages\/171\/revisions\/882"}],"wp:attachment":[{"href":"https:\/\/gastronomie-im-odenwald.de\/index.php?rest_route=%2Fwp%2Fv2%2Fmedia&parent=171"}],"curies":[{"name":"wp","href":"https:\/\/api.w.org\/{rel}","templated":true}]}}